 -f**2 + 15*f + 18. Let d be n(16). Suppose -d*v + 24 = -10. Suppose -4*s + 63 = -v. Calculate the remainder when 58 is divided by s.
18
Suppose -w = 2*r - 99, -47 + 2 = -r + w. Suppose 0 = 3*p - 0*p - r. What is the remainder when 93 is divided by p?
13
Suppose 4*u + 2 = 10. Let r be 3/(u - 193/98). What is the remainder when 3*(-3 - r/(-6)) is divided by 14?
12
Let w(n) = 2*n**3 - 5*n**2 + 3*n - 3. Let x = -9 + 14. Suppose x*t - 8*t = -84. Calculate the remainder when t is divided by w(3).
13
Suppose 23*u + 5 = 22*u, -2*d + u = -231. What is the remainder when 177 is divided by d?
64
Let q(c) = -c**3 - c**2 + c - 6. Let o be q(0). Let j be (1 - 0)*(o + 5). Let v(z) = -83*z**3. What is the remainder when v(j) is divided by 21?
20
Suppose 0 = 4*t - 4*l - 49 - 51, t - 15 = -4*l. Let g = -3 + 6. Suppose -g*f = -5*p - 246 - t, 344 = 4*f - 3*p. What is the remainder when f is divided by 21?
20
What is the remainder when 62 is divided by (-1)/(3 - (-184)/(-26) - -4)?
10
What is the remainder when ((-6554)/290)/((-1)/5) is divided by 29?
26
Let i(p) = p**2 + 4*p - 8. Let d be i(-6). Suppose -5*z + 44 = -4*u, 0 = 2*u + d - 2. What is the remainder when 11 is divided by z?
3
Suppose 1836 = 7*j + 2*j. Calculate the remainder when j is divided by 69.
66
Suppose 19 = 22*s - 289. Calculate the remainder when 37 is divided by s.
9
Let p(c) = -31*c + 81. What is the remainder when p(-2) is divided by 12?
11
Calculate the remainder when (-41)/((-10)/(-85) - (-27)/(-85)) is divided by 5.
0
Let p be ((-3)/6)/(5/(-10)). Let q(s) = 179*s**2 - 2*s + 3. What is the remainder when q(p) is divided by 13?
11
Suppose -23*i + 760 = -4*i. What is the remainder when 398 is divided by i?
38
Let t = -13 + 21. What is the remainder when ((-6)/(-8))/((-12 - -7)/(-100)) is divided by t?
7
Suppose x - 28 = -n - 4*n, -3*n + 6 = -3*x. What is the remainder when -7 + (0 - -6) + 1 + 7 is divided by -3 + x + (2 - 0)?
1
Let c be -3 + ((-6)/5)/(9/30). Calculate the remainder when c*(24/(-18))/((-4)/(-42)) is divided by 25.
23
Let c = -1656 + 2321. Suppose 148 = l - 2*m, 5*l - c = -8*m + 3*m. Suppose 30 - l = -4*b. What is the remainder when b is divided by 10?
7
Let q(z) = -2*z. Let p be q(-2). Suppose 3*d + 4*k = 95, d - 4*k - 41 = -p. Suppose -15 = -6*m + d. Calculate the remainder when 46 is divided by m.
6
Let n = 117 + -78. Let p = -26 + n. What is the remainder when 2 - (-141)/(3 + 0) is divided by p?
10
Suppose -y = y - 4. Suppose -j - 2*r - 7 = 0, -r = 5*j + y*r. Suppose 48 = j*w + 12. Calculate the remainder when 35 is divided by w.
11
Suppose 0 = 3*u + u - 124. Suppose -u = 3*v - 73. What is the remainder when 55 is divided by v?
13
What is the remainder when ((-99)/6)/((-12)/16) is divided by 3?
1
Let n = 452 - 435. Calculate the remainder when 45 is divided by n.
11
Let t(r) = 2*r**3 - 3*r + 1. Calculate the remainder when 12/(-10) + ((-28336)/55)/(-16) is divided by t(2).
9
Suppose 3*r - 1061 = -4*l, 0 = 9*r - 4*r - 11*l - 1680. What is the remainder when 354 is divided by r?
7
Let o = -79 - -87. Suppose o - 140 = -3*v. What is the remainder when 217 is divided by v?
41
Let x(a) = -a**3 - 6*a**2 - 6*a. Let o be x(-4). Let h be ((-26)/o)/((-5)/(-20)). Let b = 3 + h. Calculate the remainder when b is divided by 6.
4
Let g = -10 - -11. Suppose -3*s - d = 2, 0 = -d + g - 0. Let x(k) = -3*k + 1. What is the remainder when 5 is divided by x(s)?
1
Let k = 243 + -178. What is the remainder when k is divided by 17?
14
Suppose -3*j - k + 437 = 78, -3*j = -k - 355. Calculate the remainder when j is divided by 51.
17
Suppose 0 = -o + 3 + 4. Let y = 195 + -190. Calculate the remainder when o is divided by y.
2
Suppose 1003*b - 997*b = 108. What is the remainder when 301 is divided by b?
13
Let f = -737 + 754. Calculate the remainder when 212 is divided by f.
8
Let m(v) = -29*v + 198. Calculate the remainder when m(-8) is divided by 48.
46
Let j(z) = -2*z**3 - z**2 + 2*z + 9. What is the remainder when 74 is divided by j(0)?
2
Suppose -u = -k - 652, 2*u - 24 = 4*k + 1288. What is the remainder when u is divided by 65?
63
Let z = -341 + 753. Suppose 4*o + 0*h = -h + 333, -z = -5*o + 3*h. Calculate the remainder when o is divided by 30.
23
Let w = -64 - -105. Calculate the remainder when w is divided by 23.
18
What is the remainder when 1190/(-2 + 12) + (-4)/1 is divided by 14?
3
Let m = 2 - -1. Let t = -28 - -68. Suppose d + 3*d = -r + t, 0 = -2*d + 3*r + 34. Calculate the remainder when d is divided by m.
2
Suppose -f + 544 = -3*v + 553, 5*f + 2*v = 23. Suppose -8 = -0*h - 2*h. What is the remainder when h is divided by f?
1
Suppose -b = 2*b + 51. Let d = -4 - b. What is the remainder when 102/4 - 15/10 is divided by d?
11
Let o(a) = -a. Suppose 5 = 35*c - 520. What is the remainder when c is divided by o(-7)?
1
Suppose 3*q = -7*h + 412, -5*h + 704 = 5*q - 2*h. What is the remainder when q is divided by 73?
69
Suppose 122 = 5*v - 53. Suppose 2*w - v = w. Let y(t) = t**2 - 11*t + 27. Calculate the remainder when w is divided by y(9).
8
Let r be (2/(-6))/(2/(-24)*1). Suppose p - 80 = -2*j + r*j, 207 = 3*p + 5*j. Calculate the remainder when p is divided by 7.
4
Suppose 5*a = -6*a - 11. What is the remainder when 90 is divided by ((-20)/15 - a)*-69?
21
Let u = -766 - -794. What is the remainder when 530 is divided by u?
26
Let b = 499 - 414. Calculate the remainder when b is divided by 32.
21
Let s(m) = -m**3 + 5*m**2 + 20*m - 10. Let z be s(8). Calculate the remainder when (z/8)/(16/(-192)) is divided by 32.
31
Let c(n) = -n**2 + 17*n + 3. Suppose 82 = 14*a - 72. What is the remainder when c(a) is divided by 36?
33
Let a(h) = 14*h + 2. Suppose 5*z + 5 = 4*z, 4*z - 170 = 5*m. Let b = 47 + m. Calculate the remainder when a(3) is divided by b.
8
Let g = -12 - -8. Let y(l) = -l**2 - 10*l - 18. What is the remainder when 10 is divided by y(g)?
4
Suppose -5*r + 85 = 20. Let y(w) = -w**3 + 14*w**2 - 13*w + 3. Let s be y(r). Let u = s + 5. What is the remainder when 13 is divided by u?
5
Let t = 1 - 3. Suppose 12*g - 3*g = 153. What is the remainder when ((-1)/t)/((-1)/(-132)) is divided by g?
15
Let j = 17 + 5. Suppose -j = -4*t + 2*t. What is the remainder when 41 is divided by t?
8
Suppose 94 = 12*x - 98. Calculate the remainder when 20 is divided by x.
4
Suppose -371 = 6*m - 605. Suppose 2*y + 47 = f + 19, -2*f - y + 36 = 0. Calculate the remainder when m is divided by f.
19
Let c be (-3)/1 - (-3)/3. Calculate the remainder when 26 is divided by 2/(-6)*(-3 + c)*6.
6
Let n(r) = -3*r - 6. Let f be n(5). Let b = f - -62. What is the remainder when b is divided by (-22)/(-2) - (12/(-3) + 1)?
13
Let s = 4 + -2. Let q = 1369 + -1356. Calculate the remainder when q is divided by s.
1
Let g(x) = -2*x**3 + 3*x - 2. Suppose 121 = 18*t - 5*t - 269. What is the remainder when g(-4) is divided by t?
24
Let y = -30 - -123. Suppose -280 + 40 = -5*i. Calculate the remainder when y is divided by i.
45
Suppose 0 = -0*o - 3*o + 6, -3*i = o - 20. Suppose 3*y - 195 = i*y. Let b = -34 - y. Calculate the remainder when b is divided by 17.
14
Suppose l + 4*w - 129 = 0, w - 63 = -l + 57. Suppose -3*c + 100 = -5*x, -5*c - x + 220 = 16. Calculate the remainder when l is divided by c.
37
Suppose 13*p - 209 - 480 = 0. What is the remainder when 582 is divided by p?
52
What is the remainder when 518 is divided by (141 + -1)*(-8)/(-20)?
14
Suppose -3*n + 25 = -2*x + 6*x, -2*n = 3*x - 20. What is the remainder when (-246)/(-10) + 4/x is divided by 2 + -1 - 1*-12?
12
Suppose 0 = -10*w - 1120 - 20. Let m = -83 - w. Calculate the remainder when m is divided by 9.
4
Let x = -83 - -88. What is the remainder when (1/1 - x)*(-5 + 2) is divided by 3?
0
Suppose 11 = 3*y - 3*z - 28, -2*y + 38 = z. Calculate the remainder when 101 is divided by y.
16
Suppose 92*o - 32 = 612. What is the remainder when 64 is divided by o?
1
Suppose -177 = -2*z + 109. Calculate the remainder when z is divided by 31.
19
Let k = -2 + 6. Suppose -4*q - 4*i = -8, 3*q = k*i + 16 - 3. Suppose 0 = -4*o - 20*o + 192. What is the remainder when o is divided by q?
2
Suppose -q + 25 = 4*q. Suppose -186 = -3*o - 3*s - 0*s, -3*o + q*s + 218 = 0. What is the remainder when o is divided by 14?
10
Let z = -18 - -24. Let o = 0 + z. Calculate the remainder when 39